omposite number?
False
Is 2128628717 a composite number?
True
Is 489211571 a composite number?
True
Is 14887489013 composite?
True
Is 6914384299 a prime number?
True
Is 2341985293 prime?
False
Is 1899534773 a prime number?
True
Is 947643451 composite?
True
Is 20467393255 a prime number?
False
Is 2346034087 a prime number?
False
Is 240351547 composite?
True
Is 48554938 composite?
True
Is 31014085537 prime?
True
Is 2558811727 prime?
False
Is 245499869 composite?
True
Is 2511730301 a composite number?
False
Is 31638998 a composite number?
True
Is 616232717 a composite number?
False
Is 2060851453 a prime number?
True
Is 2556927363 a prime number?
False
Is 1264123297 a composite number?
False
Is 16002684557 a composite number?
True
Is 116592585469 a prime number?
False
Is 8197162223 composite?
False
Is 1941192454 composite?
True
Is 1436924519 a prime number?
True
Is 10318114883 a composite number?
False
Is 254095159 a composite number?
False
Is 9881978621 composite?
True
Is 15567121897 a prime number?
False
Is 45225695711 prime?
False
Is 586343269 composite?
True
Is 1604275037 a composite number?
True
Is 47846239 composite?
True
Is 22246430753 composite?
True
Is 8438951267 prime?
True
Is 488689447 composite?
True
Is 34045582651 prime?
True
Is 7277028053 a composite number?
True
Is 479629067 a composite number?
True
Is 3864095069 a composite number?
False
Is 13074413207 a prime number?
False
Is 3745801411 a prime number?
False
Is 645052955 prime?
False
Is 2705118029 prime?
True
Is 7112408383 a composite number?
True
Is 862345411 a composite number?
True
Is 1855548173 a composite number?
False
Is 58134509417 prime?
True
Is 48469199 a composite number?
False
Is 3146494207 composite?
True
Is 194332709 prime?
True
Is 51609602987 prime?
False
Is 19715996569 a composite number?
False
Is 3777846643 a prime number?
False
Is 22522578097 a composite number?
True
Is 245984329 composite?
True
Is 3016199 a prime number?
True
Is 36478615067 composite?
False
Is 15122854891 a composite number?
False
Is 1411882141 composite?
False
Is 724194901 a prime number?
True
Is 3673150979 prime?
False
Is 14391145033 a composite number?
True
Is 93199277411 composite?
True
Is 8974118861 prime?
False
Is 1681501067 a prime number?
False
Is 211672977103 a prime number?
False
Is 1811239553 a prime number?
False
Is 162725772899 a composite number?
False
Is 1902157319 composite?
True
Is 729544789 a composite number?
False
Is 18093286481 composite?
False
Is 50238625433 a prime number?
False
Is 1267188227 a composite number?
False
Is 3488203811 composite?
False
Is 17547433 a prime number?
True
Is 12832756087 a prime number?
True
Is 47784362719 composite?
False
Is 4165860089 composite?
True
Is 10189325959 prime?
True
Is 22156870631 a composite number?
True
Is 1987810871 composite?
False
Is 674079961 a prime number?
False
Is 17512426979 a composite number?
False
Is 1683460451 a composite number?
True
Is 1509344297 composite?
False
Is 356091487 a composite number?
True
Is 2325770593 a composite number?
False
Is 25089557651 composite?
False
Is 1385650621 prime?
False
Is 2655060827 composite?
False
Is 352558027 a prime number?
True
Is 24899716333 composite?
False
Is 240632449 composite?
True
Is 543451151 a composite number?
True
Is 12449905159 prime?
False
Is 5495547569 a prime number?
True
Is 1217764627 a composite number?
False
Is 3136311669 composite?
True
Is 10281355009 a composite number?
False
Is 3783235259 composite?
False
Is 3103776059 a composite number?
False
Is 23832338711 prime?
True
Is 13536754037 a prime number?
False
Is 6721455709 a composite number?
True
Is 45663474581 prime?
True
Is 5083046333 a composite number?
True
Is 909607637 composite?
False
Is 2988413293 prime?
False
Is 1345152749 prime?
True
Is 7493971973 composite?
True
Is 7064843543 composite?
True
Is 8685249649 a prime number?
False
Is 766973373 a composite number?
True
Is 19349531 a composite number?
True
Is 429365203 prime?
True
Is 73067186033 prime?
True
Is 454378867 a prime number?
False
Is 4311603031 prime?
True
Is 4901912537 composite?
False
Is 13195039993 a prime number?
False
Is 1755508607 a prime number?
False
Is 4909803853 prime?
False
Is 3766709229 prime?
False
Is 4819310591 prime?
True
Is 11642940613 composite?
False
Is 4167174229 a composite number?
False
Is 816112417 composite?
True
Is 22824047647 a prime number?
True
Is 1327835441 composite?
True
Is 131658311 a prime number?
True
Is 13924292059 a composite number?
True
Is 8046474011 a composite number?
False
Is 899957141 a composite number?
True
Is 87042881473 prime?
True
Is 28633446487 a composite number?
False
Is 41480531773 prime?
True
Is 1502438711 a composite number?
False
Is 4015137521 a composite number?
False
Is 3077492311 prime?
True
Is 173580887333 composite?
True
Is 78682974541 prime?
True
Is 1511572691 prime?
True
Is 89919285509 prime?
False
Is 57197548333 a composite number?
True
Is 1211518897 a composite number?
False
Is 859600139 a composite number?
False
Is 743835823 prime?
False
Is 74661913 a prime number?
True
Is 5104264511 a composite number?
False
Is 173637066557 a composite number?
True
Is 5372865899 a prime number?
False
Is 2824865702 composite?
True
Is 1437492403 prime?
True
Is 161573879 prime?
True
Is 30803103941 a composite number?
False
Is 19055875693 prime?
True
Is 2679652673 a prime number?
False
Is 22275818413 a composite number?
True
Is 95648767 composite?
True
Is 711150709 a composite number?
True
Is 18789557 composite?
False
Is 9422462174 a prime number?
False
Is 109331830027 a prime number?
False
Is 33011456591 composite?
True
Is 13887560215 a prime number?
False
Is 39851766593 a composite number?
True
Is 9872411933 a composite number?
True
Is 9900989569 composite?
False
Is 211262937 a composite number?
True
Is 68839241 a composite number?
True
Is 10202701 a composite number?
False
Is 2527386833 a prime number?
True
Is 423133573 a composite number?
True
Is 6209473613 prime?
False
Is 111041772293 a composite number?
False
Is 303498443 a composite number?
True
Is 10838876777 prime?
False
Is 1030065599 composite?
True
Is 469978774117 prime?
True
Is 24249014357 composite?
False
Is 8728582231 composite?
True
Is 84990449 a composite number?
False
Is 51756780553 prime?
True
Is 14322537937 a composite number?
True
Is 449482801 prime?
True
Is 7967056843 prime?
True
Is 324200647 a prime number?
False
Is 558026363 a composite number?
False
Is 1394439491 a composite number?
False
Is 25771168483 a composite number?
True
Is 73228409 prime?
True
Is 7437843691 a prime number?
True
Is 18843921871 prime?
False
Is 2487579461 a composite number?
True
Is 19275538619 prime?
False
Is 42217104023 a composite number?
True
Is 1146460769 prime?
False
Is 220563774122 a prime number?
False
Is 1735363243 prime?
False
Is 179348821 composite?
False
Is 301198681 a composite number?
True
Is 7320721 a prime number?
True
Is 3775795327 composite?
False
Is 24768548239 a composite number?
False
Is 729051835409 a composite number?
False
Is 156580637 composite?
True
Is 19338918617 composite?
False
Is 903258221 a composite number?
True
Is 1619560951 prime?
True
Is 7596941323 a composite number?
True
Is 4072054363 composite?
True
Is 1125175589 a composite number?
False
Is 193646406229 composite?
True
Is 1177904191 prime?
True
Is 11977258459 composite?
False
Is 8518571417 a composite number?
False
Is 1859326769 prime?
True
Is 261947795 prime?
False
Is 256994626513 prime?
False
Is 1784852143 prime?
True
Is 96677017427 a prime number?
False
Is 391786331 a prime number?
True
Is 137352287 prime?
True
Is 3340162447 a composite number?
False
Is 13203020057 prime?
False
Is 44523764891 a prime number?
True
Is 2309908303 a prime number?
False
Is 2146629734 prime?
False
Is 241213241 prime?
True
Is 31676335519 prime?
True
Is 4268398747 prime?
True
Is 6392334877 a composite number?
False
Is 83358708743 prime?
False
Is 248655677 prime?
False
Is 3427141019 a composite number?
False
Is 4120903927 composite?
True
Is 31463231407 a composite number?
True
Is 5603016101 prime?
False
Is 40189434361 a prime number?
False
Is 742631453 a prime number?
False
Is 3513378853 prime?
True
Is 78531888197 a prime number?
False
Is 62224804363 a prime number?
False
Is 3861689099 composite